 + 97, -3*v - 2*j + 51 = h. What is the remainder when v is divided by 6?
5
Let m be 2/(-9) - (-22)/18. Let q = 3 - -1. Calculate the remainder when 0/4*m + 9 is divided by q.
1
Suppose 4*r + 116 = i, -5*i - 82 - 5 = 3*r. Let v = r - -42. Calculate the remainder when v is divided by 7.
6
What is the remainder when 3/(-9) - 752/(-6) is divided by 32?
29
Let o(v) = v**2 - 6*v - 2. Let y(h) = -h + 14. Let s be y(6). Let n = s - 1. Calculate the remainder when n is divided by o(7).
2
Let s be (-17)/7 - (-12)/28. What is the remainder when 776/10 - s/5 is divided by 20?
18
Suppose 2*k = 8*k - 72. Let s be (-6)/(-15) + 26/10. Suppose 7*m - 92 = s*m. What is the remainder when m is divided by k?
11
Let r = 84 + -45. Calculate the remainder when 114 is divided by r.
36
Let f(r) = 4*r + 4. Let n(b) = 11*b + 11. Let w(a) = 8*f(a) - 3*n(a). Let y be w(-4). What is the remainder when ((-41)/3)/((-1)/y) is divided by 14?
13
Let w(q) = -2*q + 3. What is the remainder when (18 + 3)*(2 - 1) is divided by w(-4)?
10
Let j(v) be the first derivative of -v**4/4 + v**3/3 + v**2/2 + 4*v - 1. Let z be j(0). What is the remainder when 29 + 2 + z + -3 is divided by 11?
10
Let o = -23 + 41. Calculate the remainder when 69 is divided by o.
15
Suppose -v + w = -2*v - 58, 0 = 4*v - 4*w + 224. Let c = -38 - v. What is the remainder when 74 is divided by c?
17
Let z(c) = -c + 8. Suppose 0 = -5*b + 2*b + 129. What is the remainder when b is divided by z(-7)?
13
Suppose -2*u = -x - 17, 4*u + 2*x - 38 + 0 = 0. Let i = 29 - 13. What is the remainder when i is divided by u?
7
Suppose 4*j = 2*v - 1218, j + 4*v + 321 = -v. Let h = j - -531. Suppose 0 = 4*s + s - h. What is the remainder when s is divided by 12?
9
Let v(c) = -c**3 - 17*c**2 - 22*c - 13. What is the remainder when v(-16) is divided by 28?
27
Let d = 57 - 55. Calculate the remainder when 14 is divided by d.
0
Let k be (-1 + 0)*(-2 + 8). Let m = k + 10. Let o = 10 - m. Calculate the remainder when o is divided by 4.
2
Suppose 1 = o - 6. Let i = 12 - o. Calculate the remainder when i is divided by 4.
1
Suppose l = 20 + 27. What is the remainder when l is divided by 10?
7
Let p = 11 + 25. What is the remainder when p is divided by 19?
17
Let i = -38 + 82. Suppose -3*q + 2*q + 15 = 0. Calculate the remainder when i is divided by q.
14
Let a = -39 + 62. Suppose 4*l - 38 = 22. Suppose -4*g + l + 17 = 0. Calculate the remainder when a is divided by g.
7
Let d be ((-2)/3)/((-2)/249). Suppose 0 = -5*j + g + d, -2*j = 4*g - g - 23. What is the remainder when 46 is divided by j?
14
Suppose 3*g = -4*m + 5 + 1, 0 = -3*m. Suppose -g*p = -7*p + 230. What is the remainder when p is divided by 24?
22
Let k be 3*(30/(-9))/(-2). Suppose 0 = y - k*y + 16. Suppose -5*v + 4*o + 9 = -y*v, -v + 3 = -o. Calculate the remainder when v is divided by 1.
0
Suppose 0 = -12*p + 7*p + 175. What is the remainder when 102 is divided by p?
32
Suppose 83 = 5*j + 8. Let k(z) = -z**3 + 11*z**2 - 12*z - 10. What is the remainder when k(9) is divided by j?
14
Let i = -77 + 110. Suppose -i = -3*k + 12. What is the remainder when 26 is divided by k?
11
Suppose -5*a = -65 - 110. Calculate the remainder when 138 is divided by a.
33
Suppose -2*i - 4 + 0 = 0. Let m(k) = 10*k**2 + 2*k - 1 + k - k. What is the remainder when m(i) is divided by 12?
11
Suppose 3*c + 4 - 71 = -l, 3*l - 86 = -4*c. Let a = -7 - -13. What is the remainder when c is divided by a?
5
Let o = -2 - -3. Let i be ((-42)/o)/((-4)/(-14)). What is the remainder when 34 is divided by i/(-12) - 1/4?
10
Suppose 0*l + 3*u = -2*l + 179, -2*u = 2*l - 174. Calculate the remainder when l is divided by 21.
19
What is the remainder when (-77)/(-4) + (-12)/(-16) is divided by 7?
6
Let i(g) = 2*g**2 - 8*g - 13. What is the remainder when i(11) is divided by 36?
33
Suppose -5*m - 3*v = 38, -11 = -5*m + 5*v - 41. Let a(w) = -4*w + w**3 - 2 + 2*w - 6*w + 6*w**2. What is the remainder when a(m) is divided by 3?
2
Suppose 92 - 10 = 2*z. Suppose -z = -v + 71. Suppose 0 = -2*l + 6, c + c = -2*l + v. Calculate the remainder when c is divided by 18.
17
Let o(p) = 5*p - 2. Let q(s) = s**2 + 2*s + 1. Let a be q(-1). Suppose 11 = 3*u + y, -4*u + 2*y + a = 2. What is the remainder when 15 is divided by o(u)?
7
Suppose u = -5*f - 1, -4*f - 2 = -2*u + 4*u. What is the remainder when 13 is divided by (-48)/30*(u - 4)?
5
Calculate the remainder when 36 is divided by (-42)/(-28)*52/6.
10
Let k = -57 + 27. Calculate the remainder when (k/(-25))/(2/45) is divided by 7.
6
Let a(v) = 2*v - 2. Let t be a(4). Suppose 0*o + o = t. Calculate the remainder when 9 is divided by o.
3
Let n(z) = -z + 15. Suppose -3*f + 9 + 0 = 0. Calculate the remainder when f is divided by n(14).
0
Suppose 0 = -p - 3*d, -2*p - d + 25 - 5 = 0. What is the remainder when 23 is divided by p?
11
Suppose 2*u + 17 = 5*x - 19, -5*u - 48 = -2*x. Let p be (162/12)/((-3)/u). Calculate the remainder when p + (-2)/6*-3 is divided by 13.
11
Let q(i) = i**3 + i**2 + i + 22. Calculate the remainder when q(0) is divided by 13.
9
Let i be (2 + -1)*-1 - -18. Suppose 0 = 4*r + 3*w - 39, -44 + i = -3*r - 3*w. Let f = 67 + -33. Calculate the remainder when f is divided by r.
10
Let a = -145 - -103. What is the remainder when 18 is divided by 6/(-4)*a/9?
4
Let m(n) = n**2 + 3. Let p be m(0). Suppose -p*x + 75 = -36. Calculate the remainder when x is divided by (-5)/2 - 372/(-24).
11
Let k(z) = 2*z**2 + 8*z - 8. What is the remainder when k(8) is divided by 37?
36
Suppose -3*u + 3 = -6. Suppose -u*w + 74 = -w. What is the remainder when w is divided by 13?
11
Suppose 0*g - 16 = 5*g + x, -3*g = -5*x + 4. Calculate the remainder when (-304)/(-6) + g/(-9) is divided by (-105)/(-4) - 3/12.
25
Let r be 1 + -2 - (9 + -10). Suppose 2*u + 146 = 4*a, -5*a + 3*u + 186 - 1 = r. What is the remainder when a is divided by 9?
7
Let m(w) = w + 24. What is the remainder when 88 is divided by m(21)?
43
Suppose g - 5*g = 0. Suppose u = -4*p + 49, -3*p + 3*u + u + 51 = g. Suppose -1 = -3*m + 71. What is the remainder when m is divided by p?
11
Suppose -3 = -4*a - 2*i + 11, 4*a - 20 = 4*i. Suppose 0 = 3*r + 15, -a*s - 4*r + 12 = -56. What is the remainder when s is divided by 12?
10
Suppose 2*l - 63 = 2*j - 3, 4*j = l - 21. Suppose 5*n - 103 = -l. Let f(z) = z**3 - 8*z**2 + 8*z - 2. Calculate the remainder when n is divided by f(7).
4
Let i(q) = 2*q + 79. Calculate the remainder when 69 is divided by i(-30).
12
Let x(t) = -3*t**3 - 4*t**2 - 2*t - 4. Let j be x(-3). Let y = j + -26. Calculate the remainder when y is divided by 12.
9
Suppose 0 = -u - 5*o + 14, 2*u + 4*o + o = 33. Calculate the remainder when u is divided by 11.
8
Suppose 0 = 5*m + 4*k - 195, m = 3*k + 3 + 36. What is the remainder when m is divided by 14?
11
Let n be ((-4)/6)/((-2)/15). Calculate the remainder when (-198)/(-15) + (-1)/n is divided by 7.
6
Let f be 2/(-4) - (-215)/10. Let x = f - 6. Calculate the remainder when (-1 - 0) + -1 + 44 is divided by x.
12
Suppose 12 + 18 = 5*c. Let i be (-1 + 2)*(c + -5). Calculate the remainder when i/4 - (-182)/8 is divided by 8.
7
Suppose -4*o + 125 = o. Let y = 3 + o. Calculate the remainder when 4 + y - (5 - 2) is divided by 15.
14
Suppose 0 = -14*c + 11*c + 24. What is the remainder when 70 is divided by c?
6
Let z(l) = -l - 4. Let t be -3*21/9*1. What is the remainder when z(t) is divided by (-5 - -2)*(-4)/6?
1
Suppose 0 = 3*c - 2*a - 77, -37 = -4*c - a + 73. What is the remainder when 105 is divided by c?
24
Suppose 3*g - 2 = 10. Let x be (-16 - -4)*(-2)/g. Calculate the remainder when 26 is divided by (-15)/x*18/(-5).
8
Let q be 3*-1 + (-27)/(-9). Suppose -4*p + 112 = -q*p. Calculate the remainder when p is divided by 15.
13
Let h = -6 + 2. Let t(z) = -z**3 - 3*z**2 - z + 1. Calculate the remainder when t(h) is divided by (-11)/2*(2 - 4).
10
Suppose 4*k - 42 = -2*n, 4*k = 5*n - 11 - 24. What is the remainder when 21 is divided by n?
10
Let m be 2 - (1 + -1 + -3). Let q(i) = 16*i + 33. Let r(f) = -4*f - 8. Let n(t) = -2*q(t) - 9*r(t). What is the remainder when n(m) is divided by 14?
12
Let f = 132 + -19. What is the remainder when f is divided by 23?
21
Suppose 2*d = 2*o - 6, -4*o + 6 = d - 11. Let z(m) = 7*m**3 - 2*m**2 + 3*m - 2. Calculate the remainder when 15 is divided